 + 9. Calculate x(y).
-3
Let s(o) = o**3 + o + 1. Let k(c) = -c**3 + 7*c**2 - 6*c - 5. Let f be k(6). Let j(p) = -4*p**3 + p**2 - 4*p - 6. Let t(m) = f*s(m) - j(m). Give t(-2).
7
Let q(k) be the first derivative of -k**3/3 - k**2/2 + 3*k - 1. Suppose -4*y + 2*p - 5 = -1, 0 = -4*y + 4*p - 8. Suppose y = -0*b - 2*b. Give q(b).
3
Let q = 7 - 2. Suppose 0 = q*u - u. Suppose 2*n + 4 = -o + 3*n, u = 2*o + 2*n. Let c(p) = 3*p**2 + p - 2. What is c(o)?
8
Suppose -5*m = -5*a - 5, 2*a = -2*a + 4. Let y be -1*m*(-3)/6. Let v(x) = -6*x**3 + 2*x**2 - x. What is v(y)?
-5
Let m be ((-7)/14)/((-2)/(-24)). Let a(l) = l**3 + 5*l**2 - 2*l + 4. Give a(m).
-20
Suppose -b = b - 8. Let t = 5 - b. Suppose -5*x + t = -4. Let l(o) = 5*o**3 + 2*o - 1. Calculate l(x).
6
Let y = 1 - 7. Let b(p) = p**2 + 3*p - 11. Let t(v) be the first derivative of 2*v**3/3 + 3*v**2 - 21*v + 2. Let q(m) = y*t(m) + 11*b(m). Determine q(-4).
1
Let k(d) = -5*d**2 + 2*d + 1. Let j be k(-1). Let b(c) = c**2 + 8*c + 4. Give b(j).
-8
Let v(c) = -c**2 - 9*c + 3. Let a be v(-8). Let r(b) = 11*b + 5. Let f(m) = 21*m + 9. Let p(j) = a*r(j) - 6*f(j). Let k be -1 + 6 + (-9)/3. What is p(k)?
-9
Let n(w) = -6*w. Let j(q) = -q**3 + 6*q**2 + q - 7. Let k be j(6). Give n(k).
6
Let p(g) = -2*g**2 - 2*g + 1. Let q(c) = 3*c - 5. Let h be q(2). Give p(h).
-3
Let w(t) = t**3 + 3*t**2 - 3*t - 2. Suppose 0 = -0*o - 3*o + 33. Let s = -15 + o. Determine w(s).
-6
Let w(a) = -5 + 1 + 4*a - a. Determine w(4).
8
Let i(v) = 5*v + 2. Let x(w) = 11*w + 4. Let d(u) = 9*i(u) - 4*x(u). Give d(-8).
-6
Let b be (-2 - (-1 + 3))/(-2). Suppose -4*z = -b*z - 6. Let r(f) = 2*f - 3. Give r(z).
3
Let t = -6 - -2. Let m(f) be the first derivative of f**3/3 + 5*f**2/2 - 4*f + 1. Calculate m(t).
-8
Suppose 5*r = 3 + 12. Let w(k) be the second derivative of -1/2*k**3 + 0 - k + 2*k**2. Give w(r).
-5
Let y(q) = -q**2 + 2. Let k = 4 - -12. Suppose -5*u = -u - k. Let f = u + -7. Calculate y(f).
-7
Let x(u) be the second derivative of -1/6*u**3 + 1/12*u**4 - 1/2*u**2 + 0 - 2*u. Determine x(-2).
5
Let j = -3 - -5. Let y(q) = q - 1. Let h(b) be the third derivative of b**5/60 - b**3/6 - 5*b**2. Let x(t) = -h(t) + y(t). Determine x(j).
-2
Let m = -18 - -13. Let j(u) = u**3 + 6*u**2 + 4*u - 4. Give j(m).
1
Let j(b) = -7*b**3 - 3*b**2 - 1. Let c(k) = -k**3 - k**2. Let f(w) = 6*c(w) - j(w). Let x = 38 + -36. Calculate f(x).
-3
Let g(z) = z**2 + z - 1. Let m(j) = -5*j**2 - 4*j + 1. Let a(l) = -6*g(l) - m(l). Suppose -3*s + 4*s = 0. Let p be s + -1 - (2 - -1). Give a(p).
-3
Let l(r) = -r**2 - 5. Let g be 64/10 - (-4)/(-10). Suppose 0 = k - g*k. Calculate l(k).
-5
Suppose -4 = -3*h - 10. Let x(g) = -2*g - 2. What is x(h)?
2
Let i(w) = 7*w + 1. Suppose 5*h - 38 = -8. Suppose -2*a = -h*a + 8. Let f = -3 + a. Give i(f).
-6
Let a = -14 + 19. Let i = a + -1. Let r(m) be the first derivative of m**3/3 - 5*m**2/2 + m - 1. Determine r(i).
-3
Let p(h) = h + 3 + 2 + 0*h. Determine p(-5).
0
Let k(n) = 9*n - 1. Let l be 2*24/16*(-2)/6. Calculate k(l).
-10
Let b(z) = z**3 - 7*z**2 + 6*z - 7. Let d(y) be the second derivative of y**3/6 - 3*y**2/2 - y. Let c be d(9). Calculate b(c).
-7
Let d(b) = -2*b**2 + b**2 - b**2 + b**3 + b**2 + 2. Let t = 0 - 0. Suppose -p + t*g + 7 = -g, 0 = -4*p - 5*g - 17. What is d(p)?
6
Let a(m) = -m**3 + 5*m**2 + 9*m - 8. Let i(u) = -u**3 - 8*u**2 + 18*u - 14. Let p be i(-10). What is a(p)?
10
Let g be 1/5 - 158/(-10). Suppose g = -5*q + 11. Let y(h) = -h**3 - 2*h**2 + h + 1. Calculate y(q).
-1
Let c(w) = 14 + 0*w + w - 3. Let n be c(-5). Let y(p) be the third derivative of -p**6/120 + p**5/10 + p**4/24 + p**3/3 - 4*p**2. Determine y(n).
8
Let t(g) be the second derivative of g**5/20 - 5*g**4/12 + 2*g**3/3 - 6*g. What is t(4)?
0
Let p(o) = -4 + o**2 + 1 - 3*o + 0*o + o. Let m = -6 + 9. Give p(m).
0
Let q(z) = 2*z**2 + 0*z**2 + 0*z**2 - 2. Let d(o) = 2*o**2 - o - 1. Let j be d(-1). What is q(j)?
6
Suppose 4 = x, 0 = -4*u + 6*x - 3*x - 4. Suppose 2*d + y - 3 = 0, 5*d - y - 4 = -0*y. Let s(c) = d + 1 + 3*c**u + c**3 + 0*c**2 - 5*c. Give s(-4).
6
Let y = -131 + 131. Let i(v) be the third derivative of -1/24*v**4 + 0 + y*v**3 + 0*v - 3*v**2. Determine i(6).
-6
Let y(g) = -1. Let j(z) = -z - z - 1 + z. Let o be 6/4*(-7 - -5). Let a(k) = o*j(k) + 2*y(k). Determine a(1).
4
Let c(y) = -y**3 + 13*y**2 - 13*y + 8. Let s = -66 - -78. Calculate c(s).
-4
Let l(h) = -h + 0*h + 5 - 10*h + 7*h. What is l(2)?
-3
Suppose 14*i + 1 = -27. Let k(t) = -t**3 - 4*t**2 - t - 1. Give k(i).
-7
Let h(g) = 7*g**3 + 2*g**2 + g. Let w be 10 + 12/(-2) + (-10)/2. Give h(w).
-6
Suppose 0*b + b - 8 = 0. Suppose 4*t = -2*x + 14, x + 0*x - t + b = 0. Let c(o) be the third derivative of o**5/60 + o**4/6 + o**3/6 + 3*o**2. What is c(x)?
-2
Suppose 0 = -o + 2*i - 3, 2*i - 12 = -5*o + 9. Let q(d) = -d**2 + 7*d - 8. Let y(n) = -2*n**2 + 15*n - 17. Let c(a) = 9*q(a) - 4*y(a). Calculate c(o).
-4
Let h be -1 + (0 - -1 - -2). Let w(s) = -s**3 - s**2 - h + 2*s**2 + 2*s**2 + 4*s. Give w(4).
-2
Let i be 6/8 + (-34)/(-8). Suppose 0*r + i*b = 4*r - 14, 3*r - 4*b = 11. Let t(q) = 3*q**3 - 2*q**2 + 1. What is t(r)?
2
Let i(x) = x - 3. Let o be 2 - (1 + 1)*1. Suppose o*u = u. Suppose 0 = 3*z - 8*z + 3*v, 4*v = u. Give i(z).
-3
Let t(x) be the first derivative of 6*x + 1 - 1/2*x**2. Calculate t(0).
6
Let o(s) be the third derivative of s**4/8 + 7*s**3/6 + 6*s**2. Let v(m) = m + 2. Let u = -6 - 2. Let i(p) = u*v(p) + 3*o(p). Calculate i(-3).
2
Let b(q) be the first derivative of q**5/40 + q**4/24 - q**3 - 1. Let o(a) be the third derivative of b(a). Calculate o(-3).
-8
Let t(r) = r + 8. Suppose -2 = -2*v + 2*u - 3*u, -u - 12 = -5*v. Suppose 3*h - 39 = 5*o, -v*o + 0*o + h - 15 = 0. Calculate t(o).
2
Suppose 3*g = -5*u - 19, 5*u + 2*g + 15 = -3*g. Let w be (-2)/(-10) + 21/u. Let d(r) be the second derivative of r**3/3 + r**2/2 - 7*r. Calculate d(w).
-7
Let n be ((-1)/(-1))/(2/6). Let r(s) = 4*s - 10. Let a(j) = 11*j - 29. Let m(f) = n*a(f) - 8*r(f). Suppose 4*p = 16 - 4. Give m(p).
-4
Let r(j) be the third derivative of 0 + 1/24*j**4 + 0*j - 4*j**2 + 1/6*j**3. Determine r(4).
5
Suppose -70 = -5*a + t, -3*a - t + 71 - 29 = 0. Suppose 5*q + 2*l = 16, -q + a = -0*l + 4*l. Let x(u) = 4 - 4 + q*u. Calculate x(-1).
-2
Let s(v) = -v**3 - 2*v**2 + 4*v + 2. Let z be s(-3). Let f(h) = -1 - 1 - 2*h**3 + 1 + 2*h**2 - h**2. Determine f(z).
2
Let g(y) be the third derivative of y**6/120 + y**5/12 + 5*y**4/24 + y**3/2 - 2*y**2. Give g(-3).
6
Let j be (-11)/(-3) + (-1)/(-3). Let u(s) = -3*s - 6 + 18 - 2 - 6. What is u(j)?
-8
Let i(y) be the third derivative of 0*y**3 + 2*y**2 + 1/12*y**4 + 0 + 0*y - 1/30*y**5 - 1/180*y**6. Let j(r) be the second derivative of i(r). Give j(-3).
8
Let c(h) be the second derivative of -1/3*h**4 - h**2 + 2/3*h**3 + h + 0 - 1/20*h**5. Let l be 1*(-6 + (-3 - -4)). What is c(l)?
3
Let j(u) be the third derivative of u**4/8 + u**3/2 + 2*u**2. Let r(b) = b + 7. Let t be r(-3). Let i = t + -6. Determine j(i).
-3
Let y = 6 + -3. Let t(z) = -z - y - 6 + 0. Determine t(0).
-9
Let l(c) be the second derivative of c**5/120 - 5*c**4/24 - 5*c**3/3 + 9*c. Let f(o) be the second derivative of l(o). Calculate f(0).
-5
Suppose 5 = 5*a - 5. Let u = a + -17. Let v be 2*(u/(-6) - 0). Let n(l) = -l**2 + 5*l + 1. Determine n(v).
1
Let l(s) = s**3 + 7*s**2 - s - 7. Let a be l(-7). Suppose a = 3*r + 5*q + 22, 4*r = -0*r + 2*q - 12. Let c(k) = -k - 1. Determine c(r).
3
Let b be 3 + 2*(-3)/6. Let r(z) = -1 + z**3 - 12*z**2 + 8*z**b + z + 2*z + 0. Calculate r(4).
11
Let f(g) = -g**2 - g. Let n = -3 + 4. Let u(s) = s**3 + 5*s**2 + 4*s - 9. Let q(y) = n*u(y) + 5*f(y). Calculate q(0).
-9
Let c(g) = -2*g**2 + g + 1. Let z be 4 - (0 + 2/1). Suppose 2*k - 12 = 2*o, 2*o + z*o + 8 = 0. Let p be k/(-14) + 32/14. Calculate c(p).
-5
Suppose 0 = 27*f - 20*f - 56. Let m(n) = n**2 - 9*n + 10. Give m(f).
2
Let x(h) = -h**2 - 7*h - 6. Let y be x(-5). Let f(q) = -y + 9*q + 4 + 1 - 2. Determine f(1).
8
Let v(k) = -k**2 + 7*k - 2. Let g be v(6). Let d(p) = p - 4. What is d(g)?
0
Let j(u) = u**2 - u - 1. Let o(n) = -8*n**2 + 2*n + 2. Let w be (-2)/(2 + (-8)/3). Let g(h) = w*j(h) + o(h). Give g(-1).
-5
Let q be 2/(-3) - 12/(-18). Let g(z) = 0 + q + 2*z - 5 + 2. Calculate g(5).
7
Let l(o) = -2*o - 1. Let r(n) = 6*n - 6. Let 